
What is the units digit of 393?
3
What is the tens digit of 1013?
1
What is the tens digit of 1392?
9
What is the hundreds digit of 876?
8
What is the units digit of 2384?
4
What is the hundreds digit of 2009?
0
What is the tens digit of 37288?
8
What is the units digit of 851?
1
What is the tens digit of 1474?
7
What is the tens digit of 4428?
2
What is the tens digit of 699?
9
What is the tens digit of 5635?
3
What is the tens digit of 4019?
1
What is the ten thousands digit of 12093?
1
What is the units digit of 116834?
4
What is the hundreds digit of 426?
4
What is the tens digit of 38427?
2
What is the hundreds digit of 9885?
8
What is the hundreds digit of 2274?
2
What is the hundreds digit of 29973?
9
What is the units digit of 29317?
7
What is the hundreds digit of 5573?
5
What is the tens digit of 15264?
6
What is the tens digit of 1895?
9
What is the tens digit of 717?
1
What is the thousands digit of 34457?
4
What is the hundreds digit of 569?
5
What is the tens digit of 1463?
6
What is the units digit of 198?
8
What is the units digit of 179894?
4
What is the units digit of 121718?
8
What is the units digit of 1036?
6
What is the hundreds digit of 22447?
4
What is the units digit of 48?
8
What is the tens digit of 1161?
6
What is the hundreds digit of 304?
3
What is the hundreds digit of 6395?
3
What is the units digit of 50063?
3
What is the tens digit of 8803?
0
What is the thousands digit of 2342?
2
What is the thousands digit of 1916?
1
What is the units digit of 59760?
0
What is the hundreds digit of 5429?
4
What is the tens digit of 50975?
7
What is the thousands digit of 4176?
4
What is the units digit of 580?
0
What is the hundreds digit of 722?
7
What is the tens digit of 4214?
1
What is the thousands digit of 2381?
2
What is the tens digit of 1886?
8
What is the thousands digit of 1314?
1
What is the units digit of 1369?
9
What is the units digit of 4885?
5
What is the units digit of 45811?
1
What is the thousands digit of 2981?
2
What is the units digit of 1086?
6
What is the units digit of 251?
1
What is the tens digit of 894?
9
What is the ten thousands digit of 29013?
2
What is the tens digit of 727?
2
What is the hundreds digit of 4722?
7
What is the hundreds digit of 21364?
3
What is the tens digit of 1202?
0
What is the units digit of 3286?
6
What is the thousands digit of 12976?
2
What is the thousands digit of 54930?
4
What is the tens digit of 1365?
6
What is the units digit of 2017?
7
What is the units digit of 2553?
3
What is the units digit of 2354?
4
What is the hundreds digit of 89048?
0
What is the thousands digit of 26608?
6
What is the tens digit of 4631?
3
What is the units digit of 10145?
5
What is the thousands digit of 1423?
1
What is the tens digit of 1569?
6
What is the units digit of 13161?
1
What is the ten thousands digit of 11980?
1
What is the units digit of 4297?
7
What is the thousands digit of 28283?
8
What is the tens digit of 1131?
3
What is the units digit of 700?
0
What is the hundreds digit of 280?
2
What is the hundreds digit of 345?
3
What is the thousands digit of 118983?
8
What is the tens digit of 4771?
7
What is the hundreds digit of 6527?
5
What is the tens digit of 4061?
6
What is the units digit of 1160?
0
What is the ten thousands digit of 23242?
2
What is the thousands digit of 1503?
1
What is the hundreds digit of 32493?
4
What is the hundreds digit of 3412?
4
What is the hundreds digit of 26444?
4
What is the thousands digit of 43889?
3
What is the tens digit of 43957?
5
What is the tens digit of 116667?
6
What is the hundreds digit of 87304?
3
What is the tens digit of 359?
5
What is the hundreds digit of 1078?
0
What is the hundreds digit of 22678?
6
What is the units digit of 10792?
2
What is the units digit of 1751?
1
What is the units digit of 22575?
5
What is the thousands digit of 1585?
1
What is the tens digit of 2763?
6
What is the units digit of 16759?
9
What is the tens digit of 2698?
9
What is the hundreds digit of 4008?
0
What is the units digit of 4603?
3
What is the tens digit of 7407?
0
What is the thousands digit of 13349?
3
What is the hundreds digit of 9687?
6
What is the tens digit of 31480?
8
What is the tens digit of 68443?
4
What is the thousands digit of 14562?
4
What is the hundreds digit of 2455?
4
What is the thousands digit of 7024?
7
What is the hundreds digit of 27691?
6
What is the units digit of 4006?
6
What is the tens digit of 2823?
2
What is the tens digit of 38956?
5
What is the ten thousands digit of 47672?
4
What is the tens digit of 33?
3
What is the thousands digit of 52515?
2
What is the tens digit of 1910?
1
What is the units digit of 7345?
5
What is the tens digit of 128122?
2
What is the thousands digit of 1675?
1
What is the thousands digit of 17949?
7
What is the units digit of 48003?
3
What is the ten thousands digit of 36190?
3
What is the tens digit of 392?
9
What is the hundreds digit of 3572?
5
What is the tens digit of 7251?
5
What is the tens digit of 63655?
5
What is the units digit of 22964?
4
What is the ten thousands digit of 24992?
2
What is the tens digit of 38493?
9
What is the thousands digit of 2463?
2
What is the thousands digit of 7646?
7
What is the hundreds digit of 27907?
9
What is the units digit of 141?
1
What is the tens digit of 291?
9
What is the tens digit of 29391?
9
What is the hundreds digit of 853?
8
What is the thousands digit of 14702?
4
What is the hundreds digit of 594?
5
What is the tens digit of 733?
3
What is the units digit of 2417?
7
What is the tens digit of 15794?
9
What is the ten thousands digit of 17204?
1
What is the tens digit of 11174?
7
What is the units digit of 19460?
0
What is the tens digit of 120790?
9
What is the thousands digit of 16962?
6
What is the hundreds digit of 69241?
2
What is the hundreds digit of 1801?
8
What is the tens digit of 2463?
6
What is the units digit of 461?
1
What is the units digit of 636?
6
What is the hundreds digit of 87707?
7
What is the hundreds digit of 93686?
6
What is the units digit of 171?
1
What is the hundred thousands digit of 119363?
1
What is the tens digit of 858?
5
What is the tens digit of 2045?
4
What is the units digit of 765?
5
What is the thousands digit of 3029?
3
What is the hundreds digit of 1186?
1
What is the units digit of 734?
4
What is the units digit of 131?
1
What is the units digit of 3211?
1
What is the tens digit of 603?
0
What is the units digit of 278?
8
What is the hundreds digit of 2998?
9
What is the tens digit of 4158?
5
What is the thousands digit of 3378?
3
What is the units digit of 10283?
3
What is the hundreds digit of 11322?
3
What is the hundreds digit of 58706?
7
What is the units digit of 879?
9
What is the tens digit of 2179?
7
What is the tens digit of 2454?
5
What is the thousands digit of 2776?
2
What is the units digit of 184?
4
What is the thousands digit of 13240?
3
What is the thousands digit of 6652?
6
What is the tens digit of 1263?
6
What is the tens digit of 35322?
2
What is the tens digit of 5463?
6
What is the ten thousands digit of 34828?
3
What is the hundreds digit of 82765?
7
What is the units digit of 10838?
8
What is the units digit of 1071?
1
What is the tens digit of 4705?
0
What is the hundred thousands digit of 103654?
1
What is the tens digit of 1195?
9
What is the tens digit of 534?
3
What is the ten thousands digit of 27540?
2
What is the tens digit of 48685?
8
What is the units digit of 406?
6
What is the thousands digit of 34769?
4
What is the tens digit of 2347?
4
What is the hundreds digit of 349?
3
What is the hundreds digit of 4877?
8
What is the ten thousands digit of 14455?
1
What is the hundreds digit of 16562?
5
What is the tens digit of 3333?
3
What is the hundreds digit of 1603?
6
What is the units digit of 931?
1
What is the hundreds digit of 1297?
2
What is the hundreds digit of 3492?
4
What is the units digit of 5686?
6
What is the ten thousands digit of 21902?
2
What is the thousands digit of 2749?
2
What is the tens digit of 21695?
9
What is the units digit of 3007?
7
What is the units digit of 2512?
2
What is the thousands digit of 1183?
1
What is the units digit of 5951?
1
What is the thousands digit of 3238?
3
What is the thousands digit of 5812?
5